-n*j + 4 = -1. Calculate the remainder when b is divided by 18.
16
What is the remainder when 50 is divided by (-2)/(-3) + (-400)/(-30) - 1?
11
Let k be (-3)/(3 - 27/6). Suppose 2*m - 27 = -3*g, 4*g - k*m = g + 27. Calculate the remainder when 24 is divided by g.
6
Let z = 5 - 7. Let h = z - -4. Suppose -3*y + 4*m + 28 = 0, -3*y - 4*m - 5 = -1. What is the remainder when y is divided by h?
0
Suppose -3*j = 4*v - 136, -4*j + 82 = 2*v + j. Suppose 5*g - v = 19. Calculate the remainder when g is divided by 2 - 1/1*-1.
1
Let r(y) = -y**3 - 2*y**2. Let z be r(-2). Suppose z = 4*s + 16, 3 = -k - 2*s + 6. Let n = 8 + 12. What is the remainder when n is divided by k?
9
Suppose 3*p - 31 = -2*o, 2*o - 69 = -o + 3*p. Suppose 3*w - w = 4. Suppose -3*l - 1 = -10, -3*l + 31 = w*h. What is the remainder when o is divided by h?
9
Suppose 0 = 3*z + t - 53, 3*z = 2*z - t + 19. What is the remainder when z is divided by 4 - (5 + -3 + -8)?
7
Let y = -16 - -27. Let z = -3 + y. What is the remainder when 14 is divided by z?
6
Let a(j) = -j**3 - 4*j**2 + 8*j + 8. Calculate the remainder when 123 is divided by a(-6).
27
Let p(y) = -y**3 + 3*y + 2. Let h be p(-2). Suppose 3*k + 0 + 15 = 3*v, -h*v = 16. Calculate the remainder when (-42)/k - (-4)/(-6) is divided by 3.
1
Let p = 6 + -14. Let c = p - -7. What is the remainder when (-1)/(1*c/53) is divided by 14?
11
Suppose -c + 1 = -4. Let x be 2/c - 3241/(-35). What is the remainder when 25 is divided by x/7 - 12/42?
12
What is the remainder when 1/(-2)*(-142 - -8) is divided by 17?
16
Let h be (-7 - -2)/(1/(-1)). Suppose 3*w - x - 59 = 8, h*w + 3*x = 107. What is the remainder when w is divided by 8?
6
Let r(j) = -j. Let t be r(1). What is the remainder when 2/6*12/2 is divided by 0/t + (2 - 0)?
0
Suppose 5*o - 58 = 2. Calculate the remainder when 28 is divided by o.
4
Let d(y) = -8*y**2. Let b be d(1). Let u = 0 - b. What is the remainder when 14 is divided by u?
6
Let y = 64 + -44. What is the remainder when y is divided by -1 + -1 - (-11 - -2)?
6
Suppose 7*a = 3*a + 20. Suppose 3 = -5*l - 22. Let x = a - l. What is the remainder when 18 is divided by x?
8
Let b = 20 + -5. Let m = b + -6. What is the remainder when (1 + -2)/((-1)/17) is divided by m?
8
What is the remainder when 9 is divided by (8 - 0)/(6 + (1 - 5))?
1
Let r = -1 + 3. Suppose 0 = -4*p + 5*d + 62, 3*p = p + r*d + 30. What is the remainder when 37 is divided by p?
11
Let s = -18 - -51. Let x(b) = 4*b. What is the remainder when s is divided by x(3)?
9
Suppose 27 = -2*y + 5*y. Let n(r) = -41*r**3 - 3*r - 3. Calculate the remainder when n(-1) is divided by y.
5
Let k be (-106)/(-10) + 4/10. Let h = -3 + k. Suppose -3*d - 2*c + 45 = -5*c, 4*c - 10 = -d. Calculate the remainder when d is divided by h.
6
Let u(r) = r**3 + 7*r**2 - 9*r - 5. What is the remainder when u(-7) is divided by 30?
28
Let z(s) = s**3 - 5*s**2 - 2*s + 4. Let u be ((-8)/(-10))/((-2)/10). Let k = u - -19. Calculate the remainder when z(6) is divided by k.
13
Let m(d) = d**2 - 2*d. Let a be m(3). Suppose 5*n + 25 = 5*h, -a = -h + 2*n + 3. Let u = 18 - 7. Calculate the remainder when u is divided by h.
3
Let s = -17 + 26. Calculate the remainder when 24 is divided by s.
6
Let g = -20 + 32. Calculate the remainder when 69 is divided by g.
9
Let y = -143 - -209. Let b = 107 - y. Calculate the remainder when b is divided by 14.
13
Let k(t) = 2*t**2 + 5*t - 2. Let p(r) = 4 - r**3 - 5*r**2 - 4*r + 3*r**3 - r**3. Calculate the remainder when k(3) is divided by p(6).
15
Let i be 16/(-2)*(-1)/(-2). Let b(o) = o**2 + 3*o - 5. Let t be b(i). Calculate the remainder when 35 is divided by (t - 6)*(-24)/14.
11
Suppose -v + 5*v - 204 = 2*z, -4*z - 208 = -4*v. Suppose 6 = -2*t + v. What is the remainder when t is divided by (-1*8)/((-4)/6)?
10
Calculate the remainder when 3*(0 - (-34)/6) is divided by (0 + -6)/(6/(-9)).
8
Suppose 4*o - 89 = 19. Calculate the remainder when o is divided by -2*-3*(-14)/(-12).
6
Suppose 11*f = 9*f + 202. Calculate the remainder when f is divided by 26.
23
Let p(s) = -s**3 + 4*s**2 - s + 4. Calculate the remainder when 17 is divided by p(3).
7
Suppose -8 = -o - o. Suppose z - 171 = -5*i + o*z, z = 3*i - 101. Calculate the remainder when i is divided by 12.
9
Let l(y) = 8*y**2 + y + 1. Let z be l(-1). Let c be (1 - 0)/2*z. Suppose -4 = c*j - 24. What is the remainder when 9 is divided by j?
4
Let z(h) be the third derivative of h**5/60 - 5*h**4/24 - 7*h**3/3 - 5*h**2. Calculate the remainder when z(10) is divided by 10.
6
Suppose 4*l + 4*v - 16 = 0, 5*v + 3 = -2. What is the remainder when 3 - 10/3*(-12)/8 is divided by l?
3
Let q = -1 + 1. Suppose -3*k - s + 7 = -q, -k + 5 = 3*s. Suppose -k*w - 11 = -0*w + 5*g, -4*w + g = -33. Calculate the remainder when 20 is divided by w.
6
Suppose -6*q + 31 + 41 = 0. What is the remainder when 83 is divided by q?
11
Let x(y) = 11*y**2 + y + 1. Let r(c) = 2*c**2 - 3*c + 5. Let b be r(-7). What is the remainder when b/8*(2 + 0) is divided by x(-1)?
9
Let x(h) = h**3 + 10*h**2 + 10*h + 8. What is the remainder when x(-6) is divided by (-615)/(-20) - (6/8 + -1)?
30
Suppose 0 = -r - 5*c + 48, r - 3*c = 18 - 2. Calculate the remainder when 109 is divided by r.
25
Calculate the remainder when 98 is divided by 2/(-8) + 1313/52.
23
Let g = 19 + 3. Calculate the remainder when g is divided by 13.
9
Let j = 17 - 12. Suppose 2*h + 3*a - 49 = -3*h, j*h - a - 57 = 0. What is the remainder when h is divided by 5?
1
Suppose z + 86 = 341. Suppose -205 - z = -5*j. Suppose 0*f + j = 4*f. What is the remainder when f is divided by 8?
7
Calculate the remainder when (-2 - (-18)/12)/(2/(-108)) is divided by 5.
2
Suppose -5*o + 5 = 0, -2*l + 4 = 3*o - 5. Suppose 0*x - 5 = -5*x. Calculate the remainder when 1*((2 - x) + 2) is divided by l.
0
Calculate the remainder when 23 is divided by (-119)/(-49) - 2 - 67/(-7).
3
Let i(n) = -n**3 + 1. Let u be i(0). Let m(z) = -z. Let w be m(-3). Calculate the remainder when 2 is divided by ((-1)/w)/(u/(-6)).
0
Let q(k) = -k**3 - 3*k**2 - 3*k. Suppose -3*v + 5*t = 1, 0 = 5*v - 3*t + 9 - 2. Let u = v + 0. Calculate the remainder when q(u) is divided by 2.
0
Let t(x) = 4*x**2 + 15*x - 10. What is the remainder when t(-7) is divided by 3/(2 - 13/7)?
18
Calculate the remainder when (-71)/(-2) + 13/(-26) is divided by 12.
11
Suppose -h = -2 + 4. What is the remainder when 12 is divided by (-2)/(-4) - 13/h?
5
Let q be -2 + 3 + -1 + 10. Suppose 9*k + q = 4*k. What is the remainder when -2*(0 + 19/k) is divided by 11?
8
Let c(b) = -4*b - 33. What is the remainder when 17 is divided by c(-11)?
6
Suppose -7 = -4*i + 9. Suppose 5*x - 20 = x + q, 5*x + q - 16 = 0. Suppose x*s - 9 = u, s - i*s + 4*u + 10 = 0. Calculate the remainder when 2 is divided by s.
0
Suppose -2*j + 74 = -168. What is the remainder when j is divided by 41?
39
Let u = -45 + 49. Calculate the remainder when 7 is divided by u.
3
Suppose 3*n + n + 168 = 0. Let z = 16 - n. Calculate the remainder when 19 is divided by (-3)/12 + z/8.
5
Let i be 3/(-15) + (-648)/(-15). Let k = i - 22. What is the remainder when k is divided by 11?
10
Calculate the remainder when ((-2)/3*111)/(-2) is divided by 8.
5
What is the remainder when 57 is divided by 3/2*120/9?
17
Let j = 90 - 23. Let h = -39 - -62. Calculate the remainder when j is divided by h.
21
Let v(y) = 3*y**3 - y**2 + y - 1. What is the remainder when 82 is divided by v(2)?
19
Let w(p) = -p**3 - 3*p**2 - 3*p - 2. Suppose 2*s + 7*q = 2*q + 26, 0 = -s + 2*q - 5. What is the remainder when w(-3) is divided by s?
1
Let s be (6/2)/(0 - -1). Let d = s + 0. Suppose 12 + 27 = d*p. Calculate the remainder when 24 is divided by p.
11
Let k(m) = 4*m**3 + 2*m**2 - m. Let x be k(1). Let b = 25 - x. What is the remainder when 38 is divided by b?
18
Let h(m) = -10*m + 10. Calculate the remainder when h(-3) is divided by 14.
12
Suppose 26*j - 4 = 24*j. Let t(r) = r**3 + r**2 + r + 1. Suppose 16 = -z + 4*d, 5*z = 2*z + 2*d - 8. What is the remainder when j is divided by t(z)?
0
Suppose -2*x = -5*w - 160, 6*x - 2*x - 2*w = 320. Calculate the remainder when x is divided by 27.
26
Let j(s) = 1878*s + 42. Let a(f) = -221*f - 5. Let n(d) = -42*a(d) - 5*j(d). Let r be n(-1). What is the remainder when r/3 + (-6)/3 is divided by 12?
10
Let